, -w = -y - 5*k. What is the units digit of y?
7
Let l be 4/(-56)*4 - 32/(-14). Suppose 2*z = 3*a + 13, a - l*z - 4 = -3*z. What is the units digit of (a + (-172)/(-6))/((-1)/(-3))?
3
Let o(h) = 1498*h - 3185*h - 1 + 1477*h - 90. What is the units digit of o(-6)?
9
Suppose -10 = -67*p + 69*p. What is the units digit of 31275/35 + p + (-8)/14?
8
Let m(x) = -4*x + 33. Let c(d) = 4*d - 32. Let v(k) = 4*c(k) + 3*m(k). Let r be v(8). Suppose r*n - 32 = -2*l + 15, l = -4*n + 26. What is the tens digit of l?
2
Suppose 80*x + 1356 = 77*x. What is the hundreds digit of (x/6)/((-30)/135)?
3
Let q be 1/(-5) - 294/105 - -601. What is the hundreds digit of (4 - 3) + 3 + q?
6
Let u(w) = 552*w - 567*w + 3*w**2 - 2*w**2 - 15 + 45. Let a be u(13). Suppose a*n = -2*o + 202, -o = -3*n - 10 - 106. What is the units digit of o?
7
Suppose -6 = 6*t - 5*t - 3*i, 3*t = -4*i + 21. Suppose -34*o = -59*o - 75. What is the units digit of 2/(o*t/(-198))?
4
Suppose -3*w + 15 = 0, -b - 9*w + 4*w = 3. Let a = b + 30. Suppose q + 3*g - 96 = 0, -3*q - 3*g = a*g - 304. What is the tens digit of q?
0
Let n be 0/(-6)*2/(-4). Suppose -d = -w + 1028, 3*d + n*d - 5132 = -5*w. What is the units digit of w?
7
Let g = 31 - 29. Let x be (1/g)/(5/1620). Suppose 9*o = 4*o - 10, 0 = 4*i - 3*o - x. What is the units digit of i?
9
Let k(u) = -u**2 - 10*u + 15. Let h be k(-11). Suppose h*d - 100 = -120. What is the units digit of (d + 8)*((-356)/6)/(-2)?
9
Suppose -69 = -7*q + 1. Let d(h) = h**3 - 9*h**2 - 87. What is the tens digit of d(q)?
1
What is the ten thousands digit of (-2192712)/(-96) - (((-33)/(-4))/(-11))/3?
2
Suppose 24 = s - 0*q - q, 4*q - 147 = -5*s. Suppose h - s = -21. Suppose 5*g = h*g - 69. What is the tens digit of g?
6
Let w(o) = 31*o**2 - 88*o - 70. What is the thousands digit of w(24)?
5
Let z(q) be the second derivative of -7/2*q**3 + 1/2*q**2 + 21*q + 0. What is the units digit of z(-1)?
2
Suppose 5*q - 8*q + 2*u + 770 = 0, 0 = 5*q - u - 1295. Suppose -q*i + 254*i = -2118. What is the tens digit of i?
5
Let x = 9078 + -3119. What is the hundreds digit of x?
9
Let t = 217 - 212. Suppose 5*m = -2*b + 4697, -4357 = -t*m - b + 339. What is the tens digit of m?
3
Suppose -39*a = -11*a - 179489 - 388855. What is the thousands digit of a?
0
Let p(u) = 183*u - 11. Let h be p(3). Suppose 0*s + s = 4*l - 2137, -h = -l + 4*s. What is the tens digit of l?
3
What is the units digit of (1 - 2934*(-9)/2) + -648 + 654?
0
Suppose 0 = -33*q + 12049 + 141104. What is the thousands digit of q?
4
Let j = 23739 - 14849. What is the units digit of j?
0
Suppose h + 1972 = 2*a, 5*h - 2971 = -10*a + 7*a. Suppose -a*y + 1259 = -986*y. What is the thousands digit of y?
1
Suppose -9 - 57 = 6*r. Let v = -43 + r. Let a = 92 + v. What is the units digit of a?
8
Let k(u) = 7 + u + 4*u**2 + 7 - 2*u. Let w(v) = 262*v - 530. Let c be w(2). What is the units digit of k(c)?
4
Suppose z - 5*u - 10314 = 3556, 2*z - 3*u - 27691 = 0. What is the tens digit of z?
3
Let z = 229 - 230. What is the tens digit of 2 + (8 + -11 - z*421)?
2
Let d = -35 - -43. Suppose -10*k + 62 = -d*k. Let b = -22 + k. What is the units digit of b?
9
Suppose -4*u - 4 = t + 5, -4*t + u = 87. Let m(j) = -j**3 - 22*j**2 - 27*j + 31. What is the tens digit of m(t)?
5
Let z(c) = 22156*c**2 - 5 - 36 + 17*c - 22131*c**2. What is the tens digit of z(4)?
2
Suppose 15*f - 1283243 + 186728 = 0. What is the ten thousands digit of f?
7
Let l(h) = -4*h - 1 + 16*h**2 - 2*h - 4*h + 8*h. Let k be l(-2). Suppose -55 = -c - 4*p, 0 = c - 0*p + p - k. What is the tens digit of c?
7
Suppose 4885 = 88*h - 93*h. Let a = 331 - h. What is the thousands digit of a?
1
Let j(p) = -35 - 89*p**2 + 6*p + 21*p**2 - 30*p - 2*p**3 + 7*p**2. What is the thousands digit of j(-31)?
1
Suppose -3970 = b + 4*r - 49083, -5*r - 225540 = -5*b. What is the hundreds digit of b?
1
Let o(q) = 7*q**2 - 5*q + 7. Suppose 4*g - 21 = 5*f, -4*f = -3*g + 14 + 2. Suppose -14*l + 12*l = -g. What is the tens digit of o(l)?
2
Let k(b) be the first derivative of b**3/3 - 2*b**2 + 6*b + 67. What is the tens digit of k(-16)?
2
Let r be (2360/25)/((-6)/(-1065)). Suppose 9*b + 3778 = r. What is the hundreds digit of b?
4
What is the tens digit of (0 + (-2 - -1))*(-2594757)/671?
6
Suppose -78*l + 238796 = -217430 - 259034. What is the thousands digit of l?
9
Suppose -19 - 224 = -3*x. Let g = 376 + -293. Suppose -g*p = -x*p - 258. What is the tens digit of p?
2
Suppose -4*g - i = -4039, -26*i - 2023 = -2*g - 23*i. Let m = g + -90. What is the units digit of m?
0
Let k(y) = 27*y - 1. Let r(p) = 350*p - 14. Let c(d) = -77*k(d) + 6*r(d). Let z be c(-2). Let q = z - -84. What is the tens digit of q?
3
Let w(u) = -u**3 - u**2 + 1. Let g(c) = 10*c**3 - 6*c**2 - c + 7. Let n(i) = -g(i) + 6*w(i). Let t be n(1). What is the units digit of ((-126)/28 - 2/(-4))*t?
4
Let v = 23 - 21. Let j be 4*1 - ((-4)/v - 2862). Suppose 13*a = j - 34. What is the units digit of a?
8
Let m(f) = f + 1. Let d(q) = -q + 1. Let n(c) = -4*c + 23. Let l(p) = d(p) + n(p). Let o(t) = l(t) + 6*m(t). What is the units digit of o(21)?
1
Suppose 5*d - 5*f + 2265 = 0, 2*d + 691 = 5*f - 230. Let p = -208 - d. What is the units digit of p?
0
What is the thousands digit of 2589/9*(-156)/26*3*-4?
0
Let j(l) = 30*l**2 - 7*l + 282. What is the tens digit of j(-18)?
2
Let t(s) be the second derivative of 4*s**5/15 + s**4/12 + 5*s**3 + 31*s. Let w(l) be the second derivative of t(l). What is the units digit of w(4)?
0
What is the thousands digit of 168/112 + (-52851)/(-2)?
6
Let o be ((-18)/8)/(-3 + 155/52). Let h be (o - (5 + -2)) + 3. Suppose -h - 242 = -4*q - b, 5*b = -4*q + 371. What is the tens digit of q?
8
Let u(d) = -1. Let n(r) = r - 14. Let s(x) = -n(x) + 4*u(x). Let k be s(10). Suppose 25*y - 20*y - 400 = k. What is the tens digit of y?
8
Suppose -11*p - 3146 = -22*p. What is the hundreds digit of p?
2
Let r(y) = 6*y + 55. Let f be r(-7). Suppose 398 = f*i - 161. What is the units digit of i?
3
Let h = 2888 + 696. What is the tens digit of h?
8
Let h be (-1*(-303)/(-3))/1. Let i(v) = -19*v**2 + v. Let b be i(-3). Let d = h - b. What is the tens digit of d?
7
Suppose -12 = -4*t, 2*q + 2*t - 8717 - 12819 = 0. What is the hundreds digit of q?
7
Suppose -112*i + 21870 = -114*i. What is the thousands digit of i/(-1 + -8) + -3?
1
Let y(z) = z + 15. Let k be y(-10). Suppose 0 = -6*g - k + 23. Suppose -2*o + 298 = 4*t, 0 = 4*t - 5 - g. What is the hundreds digit of o?
1
Let a(c) = c**3 + c**2 - c - 12. Let h be a(0). What is the tens digit of (-6)/h + (-1108)/(-8)?
3
Let i(c) = 3*c - 13. Let b be ((-45)/(-27))/((1/3)/1). Let z be i(b). Suppose 0 = 3*x + z*v - 4*v - 299, x - 128 = -5*v. What is the hundreds digit of x?
1
Let l be -4 + ((-2 - 1) + -83)*-9. Suppose -15*p = -25*p + l. What is the tens digit of p?
7
Let n(z) = -z**3 + 29*z**2 + 2. Let g be n(29). Let x be (28/(-42))/(g/(-690)). Let t = x + -45. What is the units digit of t?
5
Suppose 3*p = -4*d + 9640, -4*p + 6434 = -2*p - d. Suppose 15*i = 18*i - p. Suppose i = 4*h + 4*h. What is the units digit of h?
4
Suppose 60 = 5*n - 2915. Let v = 782 - n. What is the tens digit of v?
8
Let y = -58923 + 110689. What is the thousands digit of y?
1
Suppose -8*a + 1556 = -388. Let m be 1/(6/2586 + 0). Let x = m - a. What is the units digit of x?
8
Let v = 9017 + -3020. What is the thousands digit of v?
5
Suppose -3*h - 2*v - 3*v + 128 = 0, -5*v - 118 = -3*h. Suppose 44*b - h*b - 1647 = 0. What is the hundreds digit of b?
5
Let t(h) = -2*h**3 + h**2 + 12*h - 1. Let m be t(-5). Suppose 3*p + 3*w - 1335 = 0, p - w = -m + 665. What is the hundreds digit of p?
4
Let i = -12238 - -22180. What is the hundreds digit of i?
9
Suppose 3 = 4*u - 5*y, -2*u - u + 7 = y. Let m(l) = l**2 + 2*l - 21. Let c be m(-6). Suppose u*x = -c*x + 270. What is the tens digit of x?
5
Suppose -8*n = -36*x + 37*x - 57608, -2*x - 4*n = -115300. What is the ten thousands digit of x?
5
Suppose -i = -4*r + 55679, -r - 155*i = -151*i - 13890. What is the thousands digit of r?
3
Let u be (7/(-14))/((-2)/(-8)) - -23. What is the tens digit of (12/u)/2 + (-16780)/(-70)?
4
Let n(r) = -4*r**3 - 28*r**2 - 151*r - 69. What is the units digit of n(-17)?
8
Let f = -38 - -36. Let y(i) = i**3 + 3*i**2 + 72. Let z(x) = 3*x**3 + 10*x**2 +